d**3 + 4*d**2 + 6*d + 1. Let b be n(-4). Let c = 12 + b. What is the units digit of (c + 2)*1*-1?
9
Let i = -13 + 18. Let k(x) = i*x**2 + 3*x - 2*x - 6*x**2 - 1 - 4*x. What is the units digit of k(-2)?
1
What is the units digit of (-238)/(-10) + 2/10?
4
Suppose -5*n - 268 = -2*j - 100, 5*j = 2*n + 420. What is the tens digit of j?
8
Suppose 6*z - 4*z = 14. Suppose 12*y = z*y + 185. What is the tens digit of y?
3
Let y(x) = 4 + 3*x**3 - 5*x**3 - 20*x + 18*x - 2*x**2. What is the tens digit of y(-3)?
4
Let g(y) = -67*y + 1. Let a be g(-1). Suppose -4*z + 104 = -a. What is the tens digit of z?
4
Suppose -4*y - 8 = 8. What is the tens digit of (-242)/(-6) - y/6?
4
Let h = 11 + 0. What is the units digit of h?
1
Suppose 2*s = 3*s - 6. Let u(h) be the second derivative of h**5/20 - 5*h**4/12 - 2*h**3/3 - h**2 + h. What is the units digit of u(s)?
0
Let p(h) = h + 3. Let f be p(-3). Suppose f = -3*b + 5 + 7. What is the units digit of 32/10 + b/(-20)?
3
Suppose -250 = -5*o - 20. What is the units digit of o?
6
Let s(n) be the first derivative of -n**3/3 - 3*n**2/2 + 5*n + 1. Let r be s(-5). Let v = 11 + r. What is the units digit of v?
6
Let u(g) be the second derivative of g**3/3 + 5*g**2/2 + 7*g. What is the tens digit of u(7)?
1
Let x = 134 - 91. What is the units digit of x?
3
Let w be 14/(-1)*3/(-6). Let h = w + 0. What is the units digit of h?
7
Let m(o) = o**3 + 12*o**2 + 16*o - 4. What is the units digit of m(-7)?
9
Let y = -76 + 125. What is the tens digit of y?
4
Suppose -2*d + 6*m - 8*m + 324 = 0, -5*m = -2*d + 289. What is the hundreds digit of d?
1
Let r(p) = 233*p - 5. What is the hundreds digit of r(1)?
2
Let p = -27 + 93. Let z = -44 + p. What is the units digit of z?
2
Suppose 0 = 4*i - 0*i + 32. Let w = i - -9. What is the units digit of ((-25)/10)/(w/(-2))?
5
Suppose -3*v - 1 = -2*n, -v + 1 = -2*n + 4*v. What is the units digit of (-3)/(9/(-57)) + n?
1
Let p(m) be the third derivative of m**6/120 - m**5/15 - m**4/4 + 2*m**3/3 + 3*m**2. Let i be p(5). Let j = 4 - i. What is the units digit of j?
5
Let y = 68 - 50. What is the units digit of y?
8
Let a(y) = -y**3 + 5*y**2 - 2*y - 5. What is the units digit of a(4)?
3
What is the tens digit of 1/(5/615) + -1?
2
Let p(c) = -c**3 + 5*c**2 - 2*c + 3. Let h be p(5). Let b(i) = 9*i + 16. Let r(m) = -m - 1. Let k(v) = -b(v) - 6*r(v). What is the tens digit of k(h)?
1
Suppose -38 - 74 = 4*a. Let f = 39 + a. What is the units digit of f?
1
Let u(g) = -g**3 - 16*g**2 - 10*g - 20. What is the hundreds digit of u(-16)?
1
Let g = 47 + 66. What is the tens digit of g?
1
Suppose 5*n + 5 = 0, -3*c + 173 = -n - 4*n. Suppose -5*m + c = -2*p, -m + 5*m + 3*p = 31. What is the units digit of m?
0
Let v(t) = -t**3 + 7*t**2 + 12*t - 11. What is the tens digit of v(8)?
2
Let g be (4/5)/(2/10). Let j be (-1)/g - (-92)/(-16). Let y = j + 9. What is the units digit of y?
3
Let x(s) = s - 2. Suppose 0 = -2*k - t + 12, 5*k + 4*t = 3 + 33. Let l be x(k). Suppose -2*u + 0*d - 5*d = 5, 3*d = -l*u + 5. What is the units digit of u?
0
Let u(j) = j**3 + 3*j**2 - 6*j - 1. Let n = -5 + 5. Let q be -3 + (1 - n)/(-1). What is the units digit of u(q)?
7
Let o be 4/10 - 774/(-15). Suppose 13 + o = 5*j. What is the tens digit of j?
1
Suppose -8*p = -1096 - 16. What is the units digit of p?
9
Suppose b - 3*d - 34 = 0, -2*b + 4*d = 2*b - 176. What is the units digit of b?
9
Suppose -i - 4*p + 248 = i, -3*i - 5*p + 371 = 0. What is the hundreds digit of i?
1
Let z(h) = -h**3 - 7*h**2 + 7*h - 9. Let p be z(-8). Let r = 0 - p. What is the units digit of r?
1
Let p = -17 - -28. Let k be (-7 - 1) + (-1 - -1). Let b = k + p. What is the units digit of b?
3
Let p(f) = f**3 + 10*f**2 - f - 6. Let u be p(-10). Suppose -n + 65 = u*n. What is the tens digit of n?
1
Let q be (-2 - -3)*(10 - 2). Suppose 2*j + 0 = q. What is the units digit of j?
4
Suppose -2*p + 33 = -11. What is the units digit of (-6)/33 + 158/p?
7
Let s = -16 - -44. What is the tens digit of s?
2
What is the hundreds digit of (-16)/(-64) + 1163/4?
2
Let j(c) = c**2 - 3*c - 3. Let v be j(4). Suppose v - 9 = -4*p. What is the units digit of (0 - p/2)/(-1)?
1
Suppose 6*g - 3*g + 27 = -h, -2*g - 60 = 3*h. What is the units digit of -3 - h*(1 - 0)?
5
Let j = 3 - 1. Let m be 1 + 2 - (-2)/j. Suppose -48 = -4*k - m. What is the tens digit of k?
1
Suppose 2*w - 3 = t + 14, 3*t + 43 = 4*w. Let b = -7 - t. What is the units digit of b?
2
Let g(j) = -2*j + 57. Let y be g(0). Suppose 3*a + 3*c = y, 4*a - c - 21 = 35. What is the tens digit of a?
1
Suppose -5*y - 60 = -q, 2*y + 2*q + q = -24. What is the units digit of (-40)/y*(-18)/(-10)?
6
What is the units digit of ((-99)/(-6))/(2/12)?
9
Suppose 5*j - 4 = 3*t + 1, 3*j = -5*t + 3. What is the units digit of 11 + (0 + t - 1)?
0
Let a(d) = -19*d + 24. What is the units digit of a(-7)?
7
Let d(n) = n**3 + 11*n**2 + 10*n + 1. Suppose 0 = j + 4, -3*t + 2*t + j = 6. What is the units digit of d(t)?
1
Let n be (0 - -2)/(4/6). Let v = 47 - 33. Suppose n*b - 4*x - v = 12, 0 = -5*b - 2*x + 26. What is the units digit of b?
6
Suppose 0 = -o + 2*o + 2*d - 139, -3*d = -12. What is the hundreds digit of o?
1
Suppose 164 = 5*t - 101. What is the tens digit of t?
5
Suppose 0 = 2*y - 5 + 1. What is the tens digit of 14 + -1 + 6/y?
1
Let s = -2 + -5. Let w(z) = 5*z**3 - 7*z**2 - 8*z - 10. Let d(y) = y**3 - y. Let x(a) = -6*d(a) + w(a). What is the units digit of x(s)?
4
Suppose -2*t - 4 = d - 4*d, 2*d - 8 = 0. Suppose 0 = -t*l - o + 2*o + 83, -4*l = o - 77. What is the tens digit of l?
2
Let v(n) = -n**3 - 5*n**2 + 3*n - 8. Let x be v(-8). Suppose 3*w + 2*w - x = 0. What is the tens digit of w?
3
Let r(s) = -s. Let l(y) = -3*y - 4. Let k(v) = -l(v) + 2*r(v). Let o be k(0). Suppose o*n + n = 45. What is the units digit of n?
9
Suppose -3*f - 2*v - 7 = 0, 5*f - 3*v = -8*v - 10. Let w(r) = -5*r - 2. What is the units digit of w(f)?
3
Let r = 1 - -2. What is the units digit of r?
3
Suppose -2*x - 4*f + 52 = 0, -3*f = -6*f - 15. What is the tens digit of x?
3
Let h = -11 + -5. What is the units digit of 15/2*h/(-12)?
0
What is the units digit of (-4)/30 - (-2976)/45?
6
Let g be (-1 - 0)*(4 - 3). Let t(b) = 4*b**2 - 1. What is the units digit of t(g)?
3
Suppose o = -5*b + 267, -94 = 3*b + 2*o - 257. What is the tens digit of b?
5
Suppose 0 = -5*h - 0 - 10. What is the units digit of h + 10 + -3 + 2?
7
Let s be (-1)/((-2 + 1)/1). Suppose 0 = -2*i + s + 5. What is the units digit of (-15)/2*(-4)/i?
0
Let o be ((-6)/(-4))/((-5)/(-10)). What is the units digit of o/((-9)/(-15))*1?
5
Let y(a) = 3*a - 2. What is the tens digit of y(5)?
1
Suppose 3*n = 8*n + 40. Let y(v) = v**3 + 8*v**2 - 3*v - 10. Let o be y(n). Suppose 2*p = 4*k - 8*k + 18, 4*p = 3*k + o. What is the units digit of p?
5
Let j(l) = -l**2 + 9*l - 4. Let b be j(9). What is the units digit of (2/4)/((-1)/b)?
2
Let z = 1 - -10. What is the tens digit of z?
1
Let n(t) = 2*t + 21. Let w be n(-6). Let x be (-2)/7 + (-205)/(-7). Let r = x - w. What is the units digit of r?
0
Suppose -5*k + 8*k - 18 = 0. Suppose 3*d - k*d = -48. What is the tens digit of d?
1
Let m(j) = j - 2*j - j - 2. Let c be m(-3). Suppose y + 0*y = c. What is the units digit of y?
4
Suppose 5*g - 5*c - 175 = 0, 0 = -0*c + 4*c. Let x = -16 + g. What is the tens digit of x?
1
Let c = 4 + -4. Suppose c = 4*y - y - 120. Suppose -6*h = -5*b - 2*h + y, -5*h = -4*b + 41. What is the units digit of b?
4
Suppose 3*a = -3, -2*a - 2*a - 35 = -t. What is the units digit of t?
1
Let k be (1 - 0)/((-3)/93). Let a = k - -46. What is the tens digit of a?
1
Let q = -20 - -28. Suppose 2*t + 6*l = 2*l + q, -5*t = -5*l - 20. Suppose -t*h - 1 - 33 = -5*r, 5*h = 2*r. What is the tens digit of r?
1
Suppose 11*p - 552 = 5*p. What is the units digit of p?
2
Let s(g) = -56*g**3 - g**2 - g - 1. What is the tens digit of s(-1)?
5
Let x(g) = -g**2 + g + 2. Let v be x(0). Suppose 26 = 4*l - v*h, 1 - 23 = -3*l + h. Let a(n) = n**2 - 10*n + 12. What is the units digit of a(l)?
3
Let r be -2*(-3 - 17/2). Suppose c = 4*q - 99, q - c - r = 4. What is the tens digit of q?
2
Let v(x) = 4*x + 1. What is the units digit of v(8)?
3
Let d be (-4)/6 + 51/9. Suppose d*t + 1 = 6. Suppose t = v - 8. What is the units digit of v?
9
Suppose 0 = 14*x - 12*x - 190. What is t